{"id":14,"date":"2012-12-05T15:22:53","date_gmt":"2012-12-05T15:22:53","guid":{"rendered":"http:\/\/gertenbach.info\/wordpress\/?page_id=14"},"modified":"2026-03-02T07:52:13","modified_gmt":"2026-03-02T07:52:13","slug":"14-2","status":"publish","type":"page","link":"https:\/\/gertenbach.info\/wordpress\/","title":{"rendered":"Startseite"},"content":{"rendered":"<p>Vielen Dank f\u00fcr Ihren Besuch unserer Homepage. gertenbach.info bietet Ihnen u. a. Glasoberfl\u00e4chen, Dienstleistungen, Schulungen, Service, Reparaturen sehen wir Ihren Anfragen gern entgegen, um Ihnen ein Angebot zu unterbreiten<\/p>\n<p>Nach 10 Jahren (2011 bis 2021) hat Robin Gertenbach die Firma von seinem Vater Joachim Gertenbach \u00fcbernommen. F\u00fcr Fragen, Angebote bzw. Auftr\u00e4ge steht Ihnen das Team sehr gern zur Verf\u00fcgung.<\/p>\n<p>Am besten per E-Mail an <a href=\"mailto:contact@gertenbach.info\">contact@gertenbach.info<\/a>. Gerne auch an <a href=\"mailto:gertenbach@t-online.de\">gertenbach@t-online.de<\/a> f\u00fcr den Fall, dass die erste Emailadresse Probleme bereitet bzw. Sie keine R\u00fcckmeldung innerhalb von 24h erhalten.<\/p>\n\n\n<p><\/p>\n","protected":false},"excerpt":{"rendered":"<p>Vielen Dank f\u00fcr Ihren Besuch unserer Homepage. gertenbach.info bietet Ihnen u. a. Glasoberfl\u00e4chen, Dienstleistungen, Schulungen, Service, Reparaturen sehen wir Ihren Anfragen gern entgegen, um Ihnen ein Angebot zu unterbreiten Nach 10 Jahren (2011 bis 2021) hat Robin Gertenbach die Firma von seinem Vater Joachim Gertenbach \u00fcbernommen. F\u00fcr Fragen, Angebote bzw. Auftr\u00e4ge steht Ihnen das Team<\/p>\n<p><a class=\"more-link\" href=\"https:\/\/gertenbach.info\/wordpress\/\">Read more <span class=\"more-sep\">[+]<\/span><\/a><\/p>\n","protected":false},"author":1,"featured_media":0,"parent":0,"menu_order":0,"comment_status":"closed","ping_status":"closed","template":"","meta":[],"_links":{"self":[{"href":"https:\/\/gertenbach.info\/wordpress\/index.php?rest_route=\/wp\/v2\/pages\/14"}],"collection":[{"href":"https:\/\/gertenbach.info\/wordpress\/index.php?rest_route=\/wp\/v2\/pages"}],"about":[{"href":"https:\/\/gertenbach.info\/wordpress\/index.php?rest_route=\/wp\/v2\/types\/page"}],"author":[{"embeddable":true,"href":"https:\/\/gertenbach.info\/wordpress\/index.php?rest_route=\/wp\/v2\/users\/1"}],"replies":[{"embeddable":true,"href":"https:\/\/gertenbach.info\/wordpress\/index.php?rest_route=%2Fwp%2Fv2%2Fcomments&post=14"}],"version-history":[{"count":13,"href":"https:\/\/gertenbach.info\/wordpress\/index.php?rest_route=\/wp\/v2\/pages\/14\/revisions"}],"predecessor-version":[{"id":666,"href":"https:\/\/gertenbach.info\/wordpress\/index.php?rest_route=\/wp\/v2\/pages\/14\/revisions\/666"}],"wp:attachment":[{"href":"https:\/\/gertenbach.info\/wordpress\/index.php?rest_route=%2Fwp%2Fv2%2Fmedia&parent=14"}],"curies":[{"name":"wp","href":"https:\/\/api.w.org\/{rel}","templated":true}]}}