{"id":288,"date":"2013-02-28T09:15:03","date_gmt":"2013-02-28T09:15:03","guid":{"rendered":"http:\/\/gertenbach.info\/wordpress\/?page_id=288"},"modified":"2013-02-28T20:18:17","modified_gmt":"2013-02-28T20:18:17","slug":"schulungen","status":"publish","type":"page","link":"https:\/\/gertenbach.info\/wordpress\/?page_id=288","title":{"rendered":"Schulungen"},"content":{"rendered":"<p class=\"Stil3 Stil27\">F\u00fcr Ihre  Auszubildenden aber auch langj\u00e4hrige Mitarbeiter bieten wir Schulungskurse,  innerhalb derer wir die physikalischen Grunds\u00e4tze der Stativ, Schwenk,  Neigkopf und Pedestal-Technik mit den Kursteilnehmern erarbeiten.<\/p>\n<p class=\"Stil3 Stil27\">Die  Teilnehmerzahl sollte 10 Personen \/ Seminar nicht \u00fcberschreiten, bei mehr  Teilnehmern empfehlen wir, ein weiteres Seminar zu buchen. Pro Tag k\u00f6nnen  maximal 2 Seminare durchgef\u00fchrt werden. Erfahrungsgem\u00e4\u00df sind je Seminar 3,5 bis  4 Stunden zu kalkulieren, wobei dies Hands-on, Service- und Reparaturtipps am  Ger\u00e4t sowie anschlie\u00dfende Fragen umfasst.<\/p>\n<p class=\"Stil3 Stil27\">Die Kosten pro Seminar betragen  EUR\u00a0300,- zzgl. Anfahrtskosten und ggf. \u00dcbernachtung, Details s. Service. Alle  Preise verstehen sich zzgl. MwSt..<\/p>\n<p class=\"Stil3 Stil27\">Das Seminar wird auf Wunsch den Teilnehmern als Druckversion ausgeh\u00e4ndigt.<\/p>\n","protected":false},"excerpt":{"rendered":"<p>F\u00fcr Ihre Auszubildenden aber auch langj\u00e4hrige Mitarbeiter bieten wir Schulungskurse, innerhalb derer wir die physikalischen Grunds\u00e4tze der Stativ, Schwenk, Neigkopf und Pedestal-Technik mit den Kursteilnehmern erarbeiten. Die Teilnehmerzahl sollte 10 Personen \/ Seminar nicht \u00fcberschreiten, bei mehr Teilnehmern empfehlen wir, ein weiteres Seminar zu buchen. Pro Tag k\u00f6nnen maximal 2 Seminare durchgef\u00fchrt werden. Erfahrungsgem\u00e4\u00df sind<\/p>\n<p><a class=\"more-link\" href=\"https:\/\/gertenbach.info\/wordpress\/?page_id=288\">Read more <span class=\"more-sep\">[+]<\/span><\/a><\/p>\n","protected":false},"author":1,"featured_media":0,"parent":0,"menu_order":0,"comment_status":"closed","ping_status":"closed","template":"","meta":[],"_links":{"self":[{"href":"https:\/\/gertenbach.info\/wordpress\/index.php?rest_route=\/wp\/v2\/pages\/288"}],"collection":[{"href":"https:\/\/gertenbach.info\/wordpress\/index.php?rest_route=\/wp\/v2\/pages"}],"about":[{"href":"https:\/\/gertenbach.info\/wordpress\/index.php?rest_route=\/wp\/v2\/types\/page"}],"author":[{"embeddable":true,"href":"https:\/\/gertenbach.info\/wordpress\/index.php?rest_route=\/wp\/v2\/users\/1"}],"replies":[{"embeddable":true,"href":"https:\/\/gertenbach.info\/wordpress\/index.php?rest_route=%2Fwp%2Fv2%2Fcomments&post=288"}],"version-history":[{"count":14,"href":"https:\/\/gertenbach.info\/wordpress\/index.php?rest_route=\/wp\/v2\/pages\/288\/revisions"}],"predecessor-version":[{"id":323,"href":"https:\/\/gertenbach.info\/wordpress\/index.php?rest_route=\/wp\/v2\/pages\/288\/revisions\/323"}],"wp:attachment":[{"href":"https:\/\/gertenbach.info\/wordpress\/index.php?rest_route=%2Fwp%2Fv2%2Fmedia&parent=288"}],"curies":[{"name":"wp","href":"https:\/\/api.w.org\/{rel}","templated":true}]}}